 is c(32)?
-9
Let l(p) = -15*p**2 + 986*p + 4175. What is l(-4)?
-9
Let z(y) = 4*y**2 + 515*y - 23134. Give z(-164).
-10
Let u(a) = -a**3 - 68*a**2 + 55*a - 853. Calculate u(-69).
113
Let u(c) = 5435*c + 4. Give u(0).
4
Let x(p) = -p**3 - 35*p**2 - 212*p + 55. Determine x(-9).
-143
Let f(q) = -2*q**2 + 7*q - 485. Determine f(28).
-1857
Let a(t) = -2*t**3 + 11*t**2 - 79*t + 705. Calculate a(7).
5
Let x(r) = -r**3 + 67*r**2 - 30*r + 2021. Calculate x(67).
11
Let x(y) = 2*y**3 - 10*y**2 - 2868*y + 11502. Calculate x(4).
-2
Let s(y) = -y**2 - 867*y - 15960. Calculate s(-19).
152
Let k(g) = 2*g**3 + 1432*g**2 + 7105*g - 56. Calculate k(-5).
-31
Let l(o) = -1764*o - 7709. Determine l(-5).
1111
Let c(z) = 5*z**2 + 314*z + 231. Give c(-61).
-318
Let q(a) = 3139*a + 414346. Determine q(-132).
-2
Let s(d) = -2*d**3 - d**2 - 8*d + 7. What is s(-5)?
272
Let w(x) = -41*x + 1660. Give w(36).
184
Let q(b) = -2*b**3 - 88*b**2 - 263*b - 1410. Calculate q(-41).
-713
Let q(t) = -9635*t - 221595. Give q(-23).
10
Let d(r) = -r**3 + 147*r**2 - 95*r - 7510. Determine d(146).
-64
Let m(b) = 149*b - 18982. Determine m(127).
-59
Let d(l) = -6*l**3 - 35*l**2 - 439*l + 51. Give d(0).
51
Let y(z) = -z**2 + 97*z - 1193. Give y(82).
37
Let t(r) = -7*r**2 + 6284*r + 69986. Calculate t(-11).
15
Let g(a) = 16*a**2 - 777*a - 1925. What is g(51)?
64
Let p(s) = -13*s + 579. Calculate p(-66).
1437
Let h(y) = -7*y**3 - 111*y**2 - 85*y + 204. Give h(-15).
129
Let i(n) = 4*n**2 - 9565*n - 9568. Give i(-1).
1
Let b(g) = 1172*g - 90847. Determine b(81).
4085
Let b(f) = -f**3 + 37*f**2 + 16*f + 836. Give b(39).
-1582
Let o(u) = -3*u**2 + 1150*u - 40294. What is o(39)?
-7
Let c(y) = 430*y + 55760. Determine c(-128).
720
Let a(o) = -15*o**2 - 737*o + 100. Give a(-50).
-550
Let c(m) = -67*m**3 - 13*m**2 + 17*m - 11. Calculate c(2).
-565
Let l(n) = 479*n - 18965. What is l(52)?
5943
Let w(q) = -q**2 - 527*q + 26318. Give w(45).
578
Let t(y) = -417*y - 27949. What is t(-67)?
-10
Let w(i) = i**3 + 167*i**2 + 1861*i - 33. Give w(-155).
-188
Let v(d) = 1583*d - 75974. Give v(48).
10
Let k(v) = -15099*v + 196231. Give k(13).
-56
Let o(t) = 43325*t + 216618. Calculate o(-5).
-7
Let w(a) = -a**3 - 14*a**2 - 14*a + 323. Calculate w(-15).
758
Let g(u) = -4925*u + 24668. Calculate g(5).
43
Let x(f) = -2*f**3 - 95*f**2 + 62*f + 309. Calculate x(-48).
-363
Let t(a) = 17051*a - 17035. What is t(1)?
16
Let a(h) = 1948*h + 33110. Calculate a(-17).
-6
Let w(x) = 18*x**2 + 1597*x - 339. What is w(-89)?
106
Let x(p) = -2*p**2 - 285*p - 1469. Calculate x(-137).
38
Let g(j) = -j**3 - 26*j**2 + 37*j - 6. What is g(-27)?
-276
Let x(k) = -2376*k - 147654. Determine x(-62).
-342
Let r(u) = 2*u**3 - 12*u**2 - 37*u - 131. What is r(9)?
22
Let i(q) = -87*q**2 + 3581*q + 3578. Give i(-1).
-90
Let n(j) = -2*j**2 - 83*j + 2296. Give n(19).
-3
Let r(n) = 9*n**2 + 560*n + 5548. Give r(-10).
848
Let o(r) = -4*r**2 + 193*r - 2944. Determine o(26).
-630
Let k(d) = 2*d**2 - 9250*d + 27737. Calculate k(3).
5
Let y(z) = 8584*z + 326190. Calculate y(-38).
-2
Let r(u) = -10*u**3 + 9*u**2 + 2*u - 3. What is r(2)?
-43
Let l(k) = k**2 + 25054*k + 250435. What is l(-10)?
-5
Let y(h) = 316*h + 713. Give y(-3).
-235
Let v(u) = u**3 - 20*u**2 + 54*u - 69. Give v(16).
-229
Let h(v) = -3*v**3 + 128*v**2 + 11*v + 1282. Calculate h(43).
-94
Let b(p) = -2*p**2 - 397*p - 260. Determine b(-198).
-62
Let r(h) = -30*h**3 - 17*h**2 - 49*h - 27. What is r(-4)?
1817
Let f(v) = -3920*v - 827066. Give f(-211).
54
Let w(j) = -j**3 - 32*j**2 - 184*j - 10. Determine w(-16).
-1162
Let w(n) = -125*n - 1522. Give w(-16).
478
Let k(c) = -8509*c + 68092. Give k(8).
20
Let i(u) = 6*u**2 - 3207*u + 111823. Determine i(497).
-2
Let q(s) = 2*s**3 - 72*s**2 - 440*s + 19523. Give q(34).
-61
Let z(n) = 4*n**2 - 39*n + 277. What is z(8)?
221
Let o(s) = s**2 - 315*s + 6270. Determine o(22).
-176
Let g(k) = -15757*k**2 - 283640*k - 266. Calculate g(-18).
-14
Let l(f) = -398*f + 29005. What is l(71)?
747
Let x(a) = -119*a**3 - 4*a**2 - 166*a - 163. What is x(-1)?
118
Let i(r) = 110*r**3 - 334*r**2 + 9*r - 35. Determine i(3).
-44
Let m(t) = 39*t**2 + 1037*t + 2428. What is m(-24)?
4
Let d(t) = -164*t - 1121. What is d(-10)?
519
Let l(d) = 3219788*d - 3219777. What is l(1)?
11
Let t(a) = 629*a - 16746. What is t(22)?
-2908
Let t(n) = 15*n**3 + 125*n**2 - 126*n + 1. What is t(1)?
15
Let d(o) = 194*o**2 + 11833*o + 244. What is d(-61)?
305
Let x(d) = -91598*d + 31. Calculate x(0).
31
Let f(l) = 17*l**3 + 15*l**2 - 18*l - 12. Calculate f(4).
1244
Let v(l) = -6000*l + 744097. Give v(124).
97
Let w(i) = 8755*i + 70044. Give w(-8).
4
Let p(g) = g**2 + 512*g + 395. What is p(0)?
395
Let w(q) = -q**2 - 442*q + 95642. Calculate w(157).
1599
Let b(h) = 37*h**2 - 927*h + 193. What is b(24)?
-743
Let d(j) = -5*j**2 - 511*j + 23333. Determine d(34).
179
Let j(z) = -668*z**3 + 4002*z**2 - 93*z + 774. Calculate j(6).
0
Let q(m) = -391*m**2 - 1350*m + 55. What is q(-4)?
-801
Let b(y) = -2*y**3 + 29*y**2 + 3*y + 157. Calculate b(15).
-23
Let b(i) = 1911*i - 28406. What is b(15)?
259
Let p(o) = 5026*o + 909750. Calculate p(-181).
44
Let j(s) = 673*s - 370149. Give j(550).
1
Let y(m) = -80*m + 6328. Determine y(97).
-1432
Let g(k) = -92*k**2 - 354*k + 764. Give g(-5).
234
Let h(k) = -k**3 - 428*k**2 - 4825*k - 967651. What is h(-422)?
-5
Let b(q) = 1461*q + 74397. Determine b(-51).
-114
Let f(u) = 1534*u - 346746. Determine f(226).
-62
Let v(k) = -944*k - 7311. Determine v(-9).
1185
Let m(b) = -b**3 + 114*b**2 - 972*b - 47. Determine m(9).
-290
Let t(u) = -u**3 - 5*u**2 + 301*u + 676. Determine t(-19).
11
Let c(l) = -10629*l + 85125. Determine c(8).
93
Let k(o) = 66*o + 2495. Give k(-35).
185
Let p(r) = 305*r - 2186. What is p(8)?
254
Let i(v) = v**2 - 53*v - 39639. What is i(-176)?
665
Let o(p) = 3076*p - 54753. Calculate o(18).
615
Let q(f) = -f**2 - 20*f + 112. What is q(-20)?
112
Let i(c) = 19*c**2 + 5010*c + 3412. Determine i(-263).
-7
Let m(v) = 6*v**2 + 802*v - 104970. Give m(-215).
-50
Let y(q) = -5964*q + 71559. What is y(12)?
-9
Let f(m) = 13073*m + 156861. Determine f(-12).
-15
Let u(g) = -55020*g + 275177. Calculate u(5).
77
Let s(z) = 4714*z**2 + 150859*z + 359. Give s(-32).
7
Let s(w) = -107*w**2 - 313*w + 14. What is s(-3)?
-10
Let a(m) = -4809*m + 43279. Determine a(9).
-2
Let n(w) = -28380*w - 851382. Determine n(-30).
18
Let d(q) = 11*q**3 - 56*q**2 + 14*q - 103. Calculate d(7).
1024
Let a(q) = -847*q - 55899. Give a(-66).
3
Let s(v) = 350*v**2 - 2116*v + 139. What is s(6)?
43
Let m(d) = -7*d**2 - 98*d - 162. Calculate m(-12).
6
Let r(h) = 162884*h + 488745. Determine r(-3).
93
Let n(r) = -1164*r + 595411. Determine n(511).
607
Let v(k) = 852519*k + 14492825. Calculate v(-17).
2
Let f(g) = g**2 - 154*g + 2297. Calculate f(16).
89
Let s(u) = -1039*u - 22760. Calculate s(-22).
98
Let z(y) = 67*y - 555. Determine z(4).
-287
Let v(s) = 328725*s + 6903211. What is v(-21)?
-14
Let k(u) = 1540*u - 135921. Determine k(88).
-401
Let g(i) = -2*i**2 + 498*i - 6181. Give g(14).
399
Let r(g) = -5*g**2 + 317*g - 2864. Calculate r(11).
18
Let r(g) = -g**3 - 45*g**2 + 10643*g + 353885. Determine r(-32).
-3
Let l(v) = -v**3 + 36*v**2 - 349*v + 644. Calculate l(21).
-70
Let a(x) = -24271*x - 315635. Determine a(-13).
-112
Let m(l) = -2*l**3 - 15*l**2 - 75*l - 269. Calculate m(-5).
-19
Let j(c) = c**3 + 4*c**2 - 233*c + 123. Determine j(13).
-33
Let h(v) = v**3 + 736*v**2 + 36830*v + 1914. Determine h(-682).
550
Let i(u) = 2*u**2 - 217*u - 7163. Determine i(135).
-8
Let y(d) = -d**3 + 28*d**2 + 111*d - 824. Calculate y(4).
4
Let c(q) = 139226*q + 1392242. Calculate c(-10).
-18
Let o(n) = 14*n**3 - 97*n**2 + 361*n - 3866. Calculate o(8).
-18
Let c(v) = -6112*v + 30442. Determine c(5).
-118
Let q(y) = y**2 - 19*y - 1817. Determine q(71).
1875
Let z(v) = 5435*v - 32609. Determine z(6).
1
Let v(l) = 18*l**2 - 2265*l + 85. Determine v(126).
463
Let s(c) = 50*c**2 + 229*c + 14. What is s(-4)?
-102
Let n(u) = u**3 + 38*u**2 - 155*u - 1254. Give n(-42).
-1800
Let r(y) = -4*y**2 + 182*y - 398. Determine r(43).
32
Let j(h) = 2660*h - 207475. Calculate j(78).
5
Let q(v) = -9*v**2 + 1597*v - 68018. Calculate q(71).
0
Let n(j) = -j**3 - 89*j**2 - 668*j - 1613. What is n(-81)?
7
Let h(o) = -o**3 + 1